{"id":558,"date":"2024-03-06T10:44:22","date_gmt":"2024-03-06T09:44:22","guid":{"rendered":"https:\/\/hundesportarten.de\/?page_id=558"},"modified":"2024-09-17T14:14:59","modified_gmt":"2024-09-17T12:14:59","slug":"hundemesse","status":"publish","type":"page","link":"https:\/\/hundesportarten.de\/?page_id=558","title":{"rendered":"Hundemesse"},"content":{"rendered":"\n<p>Im Rahmen der UFO World Cup Finals planen wir eine kleine Hundemesse durchzuf\u00fchren. Folgende St\u00e4nde werden vertreten sein:<\/p>\n\n\n\n<p>Sitka &#8211; Hundefotografie und Hundezubeh\u00f6r<\/p>\n\n\n\n<p>Fraukes Ledermanufaktur &#8211; handgefertigte Fettlederleinen<\/p>\n\n\n\n<p>cdVet &#8211; gesundes f\u00fcr Hund und Katze (Futtererg\u00e4nzungeb, Pflegemittel, Parasitenabwehr)<\/p>\n\n\n\n<p>tierisch Kruse<\/p>\n\n\n\n<p>Czech Black &#8211; Vaultwesten, etc<\/p>\n\n\n\n<p>Kynokollektiv &#8211; Hundeschule und Maulkorbberatung<\/p>\n\n\n\n<p>Feenkr\u00fcmel &#8211; zauberhafte Leckerchen<\/p>\n\n\n\n<p>Fly &#8216;Em High &#8211; Hundefrisbees<\/p>\n\n\n\n<p>Fine Designs Shirts<br><\/p>\n","protected":false},"excerpt":{"rendered":"<p>Im Rahmen der UFO World Cup Finals planen wir eine kleine Hundemesse durchzuf\u00fchren. Folgende St\u00e4nde werden vertreten sein: Sitka &#8211; Hundefotografie und Hundezubeh\u00f6r Fraukes Ledermanufaktur &#8211; handgefertigte Fettlederleinen cdVet &#8211; gesundes f\u00fcr Hund und Katze (Futtererg\u00e4nzungeb, Pflegemittel, Parasitenabwehr) tierisch Kruse Czech Black &#8211; Vaultwesten, etc Kynokollektiv &#8211; Hundeschule und Maulkorbberatung Feenkr\u00fcmel &#8211; zauberhafte Leckerchen Fly<\/p>\n<footer class=\"entry-footer index-entry\">\n<div class=\"post-social pull-left\"><a href=\"https:\/\/www.facebook.com\/sharer\/sharer.php?u=https%3A%2F%2Fhundesportarten.de%2F%3Fpage_id%3D558\" target=\"_blank\" class=\"social-icons\"><i class=\"fa fa-facebook\" aria-hidden=\"true\"><\/i><\/a><a href=\"https:\/\/twitter.com\/home?status=https%3A%2F%2Fhundesportarten.de%2F%3Fpage_id%3D558\" target=\"_blank\" class=\"social-icons\"><i class=\"fa fa-twitter\" aria-hidden=\"true\"><\/i><\/a><a href=\"https:\/\/www.linkedin.com\/shareArticle?mini=true&#038;url=https%3A%2F%2Fhundesportarten.de%2F%3Fpage_id%3D558&#038;title=Hundemesse\" target=\"_blank\" class=\"social-icons\"><i class=\"fa fa-linkedin\" aria-hidden=\"true\"><\/i><\/a><\/div>\n<p class=\"link-more\"><a href=\"https:\/\/hundesportarten.de\/?page_id=558\" class=\"more-link\">Continue reading <span class=\"meta-nav\">\u2192<\/span><\/a><\/p>\n<\/footer>\n","protected":false},"author":1,"featured_media":0,"parent":594,"menu_order":1,"comment_status":"closed","ping_status":"closed","template":"","meta":{"spay_email":"","footnotes":""},"_links":{"self":[{"href":"https:\/\/hundesportarten.de\/index.php?rest_route=\/wp\/v2\/pages\/558"}],"collection":[{"href":"https:\/\/hundesportarten.de\/index.php?rest_route=\/wp\/v2\/pages"}],"about":[{"href":"https:\/\/hundesportarten.de\/index.php?rest_route=\/wp\/v2\/types\/page"}],"author":[{"embeddable":true,"href":"https:\/\/hundesportarten.de\/index.php?rest_route=\/wp\/v2\/users\/1"}],"replies":[{"embeddable":true,"href":"https:\/\/hundesportarten.de\/index.php?rest_route=%2Fwp%2Fv2%2Fcomments&post=558"}],"version-history":[{"count":7,"href":"https:\/\/hundesportarten.de\/index.php?rest_route=\/wp\/v2\/pages\/558\/revisions"}],"predecessor-version":[{"id":617,"href":"https:\/\/hundesportarten.de\/index.php?rest_route=\/wp\/v2\/pages\/558\/revisions\/617"}],"up":[{"embeddable":true,"href":"https:\/\/hundesportarten.de\/index.php?rest_route=\/wp\/v2\/pages\/594"}],"wp:attachment":[{"href":"https:\/\/hundesportarten.de\/index.php?rest_route=%2Fwp%2Fv2%2Fmedia&parent=558"}],"curies":[{"name":"wp","href":"https:\/\/api.w.org\/{rel}","templated":true}]}}